{"id":30,"date":"2023-05-06T20:15:21","date_gmt":"2023-05-06T18:15:21","guid":{"rendered":"http:\/\/bisef.de\/bisef\/?page_id=30"},"modified":"2025-11-08T13:20:43","modified_gmt":"2025-11-08T12:20:43","slug":"interner-bereich","status":"publish","type":"page","link":"https:\/\/bisef.de\/bisef\/interner-bereich\/","title":{"rendered":"Interner Bereich"},"content":{"rendered":"\t\t<div data-elementor-type=\"wp-page\" data-elementor-id=\"30\" class=\"elementor elementor-30\">\n\t\t\t\t\t\t<section class=\"elementor-section elementor-top-section elementor-element elementor-element-c32a130 elementor-section-boxed elementor-section-height-default elementor-section-height-default\" data-id=\"c32a130\" data-element_type=\"section\">\n\t\t\t\t\t\t<div class=\"elementor-container elementor-column-gap-default\">\n\t\t\t\t\t<div class=\"elementor-column elementor-col-100 elementor-top-column elementor-element elementor-element-6f2919c\" data-id=\"6f2919c\" data-element_type=\"column\">\n\t\t\t<div class=\"elementor-widget-wrap elementor-element-populated\">\n\t\t\t\t\t\t<div class=\"elementor-element elementor-element-dfd90c2 elementor-widget elementor-widget-text-editor\" data-id=\"dfd90c2\" data-element_type=\"widget\" data-widget_type=\"text-editor.default\">\n\t\t\t\t<div class=\"elementor-widget-container\">\n\t\t\t\t\t\t\t\t\t<p><strong>Zug\u00e4nglich nur f\u00fcr Kooperationspartner<\/strong><\/p><ul><li><a href=\"\/intern\/dokumente\/Vita-Langfassung_11-2025.pdf\">Vita Vorstand (vormals Institutsleiter) (Langfassung)<\/a><\/li><li><a href=\"\/intern\/dokumente\/Bibliographische_Datenauswahl Langf_01_2020.pdf\" target=\"_self\">Bibliographische Datenauswahl\/\u00d6ffentlichkeitsarbeit und Ver\u00f6ffentlichungen des Institutsleiters (Autor und Herausgeber sowie Presse-, Rundfunk- und Fernsehberichterstattungen)<\/a><\/li><li><a href=\"http:\/\/bisef.de\/intern\/dokumente\/BISEF_Projekte-01-2024.pdf\">Aktuelle Projekte <span style=\"color: #333333;\">resp. Langzeitstudien<\/span><\/a><\/li><li>BISEF-Arbeits- und Vertragsgrundlagen sowie Dokumentationsnachweise: In \u00dcberarbeitung<br \/>&#8211; Rahmenkooperationsabkommen (RKA) in <a href=\"https:\/\/bisef.de\/intern\/dokumente\/ISEF_RKA_Extrakt_2018.pdf\" target=\"_blank\" rel=\"noopener\">Kurz-<\/a> und <a href=\"\/intern\/dokumente\/ISEF_RKA_lang_01_2018.pdf\" target=\"_blank\" rel=\"noopener\">Langfassung<\/a><br \/>&#8211; Geb\u00fchrens\u00e4tze in <a href=\"http:\/\/bisef.de\/intern\/dokumente\/ISEF_Gebuehren_01_2018.pdf\">Kurz-<\/a> und <a href=\"http:\/\/bisef.de\/intern\/dokumente\/ISEF_Gebuehren_01_2018_lang.pdf\">Langfassung<\/a><\/li><li>Arbeits- und Rechtsgrundlagen:<br \/>&#8211; Schul- und Hochschulgesetz NRW sowie entsprechende amtliche Bestimmungen<br \/>&#8211; Verordnung der Qualit\u00e4tsanalyse (QA v. 27.04.2007)<br \/>&#8211; Erlass zur Schulentwicklungsberatung (SEB-Erlass v. 04.11.2016)<br \/>&#8211; Schulentwicklungsberatung im Kontext des kirchlichen Schulgesetzes und des kirchlichen Amtsblatts f\u00fcr die Erzdi\u00f6zese Paderborn<\/li><li>BISEF-Angebote beinhalten u.a.: SEB-Moderatorenelemente in Basis-Veranstaltungen sowie zertifizierte Fort- und Weiterbildungsma\u00dfnahmen auf (Lehr-)Trainings- und Ausbildungsebene<\/li><\/ul>\t\t\t\t\t\t\t\t<\/div>\n\t\t\t\t<\/div>\n\t\t\t\t\t<\/div>\n\t\t<\/div>\n\t\t\t\t\t<\/div>\n\t\t<\/section>\n\t\t\t\t<\/div>\n\t\t","protected":false},"excerpt":{"rendered":"<p>Zug\u00e4nglich nur f\u00fcr Kooperationspartner Vita Vorstand (vormals Institutsleiter) (Langfassung) Bibliographische Datenauswahl\/\u00d6ffentlichkeitsarbeit und Ver\u00f6ffentlichungen des Institutsleiters (Autor und Herausgeber sowie Presse-, Rundfunk- und Fernsehberichterstattungen) Aktuelle Projekte resp. Langzeitstudien BISEF-Arbeits- und Vertragsgrundlagen sowie Dokumentationsnachweise: In \u00dcberarbeitung&#8211; Rahmenkooperationsabkommen (RKA) in Kurz- und Langfassung&#8211; Geb\u00fchrens\u00e4tze in Kurz- und Langfassung Arbeits- und Rechtsgrundlagen:&#8211; Schul- und Hochschulgesetz NRW sowie entsprechende amtliche &hellip; <\/p>\n<p class=\"link-more\"><a href=\"https:\/\/bisef.de\/bisef\/interner-bereich\/\" class=\"more-link\">Mehr <span class=\"screen-reader-text\">\u00fcber &#8222;Interner Bereich&#8220; <\/span>Lesen<\/a><\/p>\n","protected":false},"author":1,"featured_media":0,"parent":0,"menu_order":0,"comment_status":"closed","ping_status":"closed","template":"","meta":{"footnotes":""},"class_list":["post-30","page","type-page","status-publish","hentry"],"featured_media_urls":[],"_links":{"self":[{"href":"https:\/\/bisef.de\/bisef\/wp-json\/wp\/v2\/pages\/30","targetHints":{"allow":["GET"]}}],"collection":[{"href":"https:\/\/bisef.de\/bisef\/wp-json\/wp\/v2\/pages"}],"about":[{"href":"https:\/\/bisef.de\/bisef\/wp-json\/wp\/v2\/types\/page"}],"author":[{"embeddable":true,"href":"https:\/\/bisef.de\/bisef\/wp-json\/wp\/v2\/users\/1"}],"replies":[{"embeddable":true,"href":"https:\/\/bisef.de\/bisef\/wp-json\/wp\/v2\/comments?post=30"}],"version-history":[{"count":31,"href":"https:\/\/bisef.de\/bisef\/wp-json\/wp\/v2\/pages\/30\/revisions"}],"predecessor-version":[{"id":344,"href":"https:\/\/bisef.de\/bisef\/wp-json\/wp\/v2\/pages\/30\/revisions\/344"}],"wp:attachment":[{"href":"https:\/\/bisef.de\/bisef\/wp-json\/wp\/v2\/media?parent=30"}],"curies":[{"name":"wp","href":"https:\/\/api.w.org\/{rel}","templated":true}]}}

<div data-elementor-type="wp-page" data-elementor-id="30" class="elementor elementor-30">
						<section class="elementor-section elementor-top-section elementor-element elementor-element-c32a130 elementor-section-boxed elementor-section-height-default elementor-section-height-default" data-id="c32a130" data-element_type="section">
						<div class="elementor-container elementor-column-gap-default">
					<div class="elementor-column elementor-col-100 elementor-top-column elementor-element elementor-element-6f2919c" data-id="6f2919c" data-element_type="column">
			<div class="elementor-widget-wrap elementor-element-populated">
						<div class="elementor-element elementor-element-dfd90c2 elementor-widget elementor-widget-text-editor" data-id="dfd90c2" data-element_type="widget" data-widget_type="text-editor.default">
				<div class="elementor-widget-container">
									<p><strong>Zugänglich nur für Kooperationspartner</strong></p><ul><li><a href="/intern/dokumente/Vita-Langfassung_11-2025.pdf">Vita Vorstand (vormals Institutsleiter) (Langfassung)</a></li><li><a href="/intern/dokumente/Bibliographische_Datenauswahl Langf_01_2020.pdf" target="_self">Bibliographische Datenauswahl/Öffentlichkeitsarbeit und Veröffentlichungen des Institutsleiters (Autor und Herausgeber sowie Presse-, Rundfunk- und Fernsehberichterstattungen)</a></li><li><a href="http://bisef.de/intern/dokumente/BISEF_Projekte-01-2024.pdf">Aktuelle Projekte <span style="color: #333333;">resp. Langzeitstudien</span></a></li><li>BISEF-Arbeits- und Vertragsgrundlagen sowie Dokumentationsnachweise: In Überarbeitung<br />&#8211; Rahmenkooperationsabkommen (RKA) in <a href="https://bisef.de/intern/dokumente/ISEF_RKA_Extrakt_2018.pdf" target="_blank" rel="noopener">Kurz-</a> und <a href="/intern/dokumente/ISEF_RKA_lang_01_2018.pdf" target="_blank" rel="noopener">Langfassung</a><br />&#8211; Gebührensätze in <a href="http://bisef.de/intern/dokumente/ISEF_Gebuehren_01_2018.pdf">Kurz-</a> und <a href="http://bisef.de/intern/dokumente/ISEF_Gebuehren_01_2018_lang.pdf">Langfassung</a></li><li>Arbeits- und Rechtsgrundlagen:<br />&#8211; Schul- und Hochschulgesetz NRW sowie entsprechende amtliche Bestimmungen<br />&#8211; Verordnung der Qualitätsanalyse (QA v. 27.04.2007)<br />&#8211; Erlass zur Schulentwicklungsberatung (SEB-Erlass v. 04.11.2016)<br />&#8211; Schulentwicklungsberatung im Kontext des kirchlichen Schulgesetzes und des kirchlichen Amtsblatts für die Erzdiözese Paderborn</li><li>BISEF-Angebote beinhalten u.a.: SEB-Moderatorenelemente in Basis-Veranstaltungen sowie zertifizierte Fort- und Weiterbildungsmaßnahmen auf (Lehr-)Trainings- und Ausbildungsebene</li></ul>								</div>
				</div>
					</div>
		</div>
					</div>
		</section>
				</div>

<p>Zugänglich nur für Kooperationspartner Vita Vorstand (vormals Institutsleiter) (Langfassung) Bibliographische Datenauswahl/Öffentlichkeitsarbeit und Veröffentlichungen des Institutsleiters (Autor und Herausgeber sowie Presse-, Rundfunk- und Fernsehberichterstattungen) Aktuelle Projekte resp. Langzeitstudien BISEF-Arbeits- und Vertragsgrundlagen sowie Dokumentationsnachweise: In Überarbeitung&#8211; Rahmenkooperationsabkommen (RKA) in Kurz- und Langfassung&#8211; Gebührensätze in Kurz- und Langfassung Arbeits- und Rechtsgrundlagen:&#8211; Schul- und Hochschulgesetz NRW sowie entsprechende amtliche &hellip; </p>
<p class="link-more"><a href="https://bisef.de/bisef/interner-bereich/" class="more-link">Mehr <span class="screen-reader-text">über &#8222;Interner Bereich&#8220; </span>Lesen</a></p>
